*2 - 17. Calculate the remainder when c(13) is divided by 19.
8
Let c be 5 - ((-8)/20 + (-103)/5). What is the remainder when 100 is divided by (-3 - -2)*c/5*-5?
22
Suppose 0*b - 56 = -14*b. Suppose -s = b*g - 191, -11*s + 8*s + 181 = 4*g. Calculate the remainder when g is divided by 38.
11
Let d be -1*10/35 + (-79)/(-7). Suppose -d*g + 8 = -10*g. What is the remainder when 37 is divided by g?
5
Let z(w) = w**2 - 43*w - 1733. What is the remainder when z(79) is divided by 99?
22
Let r = -99 - -101. Suppose 127 = 2*o + 5*h, 3*o - r*h - 31 = 150. Let f(q) = 3*q + 1. Calculate the remainder when o is divided by f(5).
13
What is the remainder when (((-7050)/(-7))/5)/(22/154) is divided by 58?
18
Let p be -2 - (-57 + 5)*4. Suppose 5*c = 3*j - 200, 5*j - 2*c = 2*j + p. What is the remainder when j is divided by 25?
20
Suppose -6*t + 47 = -19. Let v(u) = -u + 56. What is the remainder when 134 is divided by v(t)?
44
Let z be -5 - (-81 - 30/(-6)). Let l = z - 54. What is the remainder when 61 is divided by l?
10
Let v(s) = -4*s**3 - 172*s**2 - 1010*s + 1. Calculate the remainder when (-6)/21 + (-1628)/(-14) is divided by v(-7).
11
Suppose -5*u + 123 = 52*g - 51*g, 3*g + 3*u - 369 = 0. Calculate the remainder when g is divided by 31.
30
What is the remainder when 1325 - (-24)/36*6 is divided by 70?
69
Let f = -328 - -356. Suppose 0 = f*m - 36*m + 376. What is the remainder when 80 is divided by m?
33
Let z = -9058 + 9138. Calculate the remainder when 4399 is divided by z.
79
Suppose -4*j + 512 = -4*w, -4*w = 5*j - 4*j + 522. Calculate the remainder when (26/(-65))/(1/w) is divided by 12.
4
Let f = 9778 + -9280. Calculate the remainder when f is divided by 183.
132
Let f(q) be the first derivative of q**3/3 - 5*q**2/2 + 6*q + 1. Let c = 1727 + -1705. What is the remainder when c is divided by f(6)?
10
Calculate the remainder when 765 is divided by (3 - 2) + (-76)/(-1).
72
Let x(y) = -2*y + 107. Let f be x(0). Suppose 22*h = 18*h + 12. Suppose w + f - 10 = h*l, 3*w = -l + 19. What is the remainder when 92 is divided by l?
30
Suppose 8*v - 7009 + 6921 = 0. What is the remainder when 677 is divided by v?
6
Let l(k) = k**3 + 11*k**2 + 35*k + 50. Calculate the remainder when 623 is divided by l(-5).
23
Suppose 0 = 4*c - 150 + 138, 5*l - 3*c - 821 = 0. Calculate the remainder when l is divided by 21.
19
Let p = 336 + -321. Suppose f = p*q - 18*q + 78, q = -4*f + 279. Suppose 2*b = 6, -3*k = -4*k - 2*b + 32. What is the remainder when f is divided by k?
17
Let f = 158 + -104. Suppose 109*i = 105*i + 48. What is the remainder when f is divided by i?
6
Let k = 147 + -63. What is the remainder when k is divided by (145/(-35) - -5)/(1/35)?
24
Let q be (-6 - -9)/(3/(-44)). Calculate the remainder when q/2*(10 + -15 - 1) is divided by 17.
13
Let p be (-14)/(-28) + 313/2 + 1. Suppose -p = -4*a + 198. Calculate the remainder when a is divided by 5.
4
Let o(z) = 111*z - 312. Let l be o(8). Let a = l + -561. What is the remainder when 103 is divided by a?
13
Suppose -a - 3*a - 5*g = -258, 72 = a + 5*g. What is the remainder when 2/(267/(-915) + (-3)/(-10)) is divided by a?
58
What is the remainder when (1 - 184)/(1 - (-4 + 6)) is divided by (17/(-34))/((-3)/222)?
35
Suppose p + 2*p = 16*p - 832. What is the remainder when 232 is divided by p?
40
Suppose 21*b + 10 = 26*b. What is the remainder when 25 is divided by (10/(-4) + b)*(-84)/6?
4
Suppose -3473 + 3773 = 5*m. What is the remainder when 426 is divided by m?
6
Let a = -168 - -162. Calculate the remainder when 45 is divided by (-1 - -3)*12/(-9)*a.
13
Suppose 3*j - 3 = -12, 4*d + j = 21. Let m = 16326 + -16292. Calculate the remainder when m is divided by 2*3/(d/5).
4
Let c(l) = -l**3 + 5*l**2 - l - 2. Let o be c(1). Calculate the remainder when 64 is divided by -11*(0 + -3)/3*o.
9
Let r = -17283 + 17318. Calculate the remainder when 20789 is divided by r.
34
Suppose 0 = 29*l - 36*l - 343. What is the remainder when 24 is divided by (6 - 0) + (-7)/l*0?
0
What is the remainder when ((-31)/(-155) - (-198)/(-15))/((-1)/8) is divided by 26?
0
Let q(u) = u**2 - 10*u - 8. Let z be q(11). Let g = z + 19. Suppose 20*w + 280 = 55*w. What is the remainder when g is divided by w?
6
Let x = 93 - 91. Suppose 2*y = -o + x*o - 319, -y - 977 = -3*o. Calculate the remainder when o is divided by 15.
12
Let d(u) = -59*u - 1205. Calculate the remainder when 3160 is divided by d(-22).
91
Let t = 20656 - 5327. What is the remainder when t is divided by 57?
53
Calculate the remainder when (-2378)/(-406) + (-2)/(-14) - -45 is divided by 35.
16
Let v = 1694 + -1505. Calculate the remainder when 747 is divided by v.
180
Suppose 0 = -3*b + 40 + 170. Let q = b + -21. Suppose -14*s + q = -147. What is the remainder when 68 is divided by s?
12
Suppose m - 67 = -4*f, 6*m + 3*f + 171 = 9*m. What is the remainder when m is divided by -1*3/3*-14?
3
Suppose 16*p - 23*p - 25008 = -23*p. What is the remainder when p is divided by 175?
163
Calculate the remainder when 213984/120*5/4 is divided by 124.
121
Let o(h) = 31*h + 667. Suppose -3*s = 2*n, 0*s + 2*s + 22 = -5*n. Let p(v) = 2*v**2 + 6*v - 8. Calculate the remainder when o(-18) is divided by p(n).
25
Suppose -g = 68 + 95. Let o = 562 + g. Suppose 9*u + 84 - o = 0. Calculate the remainder when u is divided by 20.
15
Let s(h) = h**2 - 1. Let t be s(-5). Suppose m - t = -20. Suppose -m*d = -5*u + 20, -d + 20 + 9 = 3*u. Calculate the remainder when u is divided by 4.
0
Let i = 7 + -5. Suppose -5*s + i*j + 415 = -j, 5*s + 3*j - 445 = 0. Suppose -13*z = -9*z - 88. Calculate the remainder when s is divided by z.
20
Let c(s) = -49*s - 6. Suppose 6*p + 35 = -29*p. What is the remainder when c(p) is divided by 38?
5
Suppose 5*f - 4*w - 60 = 0, -16*w = -11*w. Calculate the remainder when -1*(-2)/(-1) + 62 is divided by (200/(-32) + 8)*f.
18
Suppose -5*j - 65 = -5*u, j - 2*u + 39 = -2*j. Let v(k) = k**2 + 9*k - 13. Let w be v(j). Suppose o - 125 = -w. What is the remainder when o is divided by 22?
20
Let l = 26959 + -26343. What is the remainder when l is divided by 160?
136
Let p(s) = -56*s - 41. Suppose -5*l + 154 = -3*n, -n = -4*l + 2*n + 122. Calculate the remainder when p(-3) is divided by l.
31
Let k(s) = -5*s - 8. Let u be k(8). Calculate the remainder when 14 - (3/15 - u/(-40)) is divided by 6*(-1 + (-5)/(-2)).
6
What is the remainder when (1613/2)/((-216)/16 + 15)*3 is divided by 34?
15
Suppose 0 = -3*b - 3*j - 33, 0 = b - 4*b - 5*j - 25. Let p(r) = 42*r**2 - 1. Calculate the remainder when p(1) is divided by (-5*(-2)/b)/(6/(-99)).
8
Let c(f) = 2*f**2 - 123*f - 658. What is the remainder when c(-5) is divided by 3?
1
Suppose -3*a + 5*k + 2240 = a, k = -3*a + 1699. Let t = a - 547. What is the remainder when 69 is divided by t?
15
Let b be (-37 - -23)/((-38)/18 - -2). Suppose 7*x = 84 + b. What is the remainder when 292 is divided by x?
22
Suppose -12*o = -17*o + 125. Let u be (70/o)/(-3*4/(-30)). Let x = 11 + u. What is the remainder when 33 is divided by x?
15
Let k = -9561 - -9569. Calculate the remainder when 427 is divided by k.
3
Let d = 11483 + -10316. What is the remainder when d is divided by 239?
211
Let o(g) = -g**3 + 18*g**2 + 74*g - 1039. What is the remainder when o(17) is divided by 102?
100
What is the remainder when (16 - 10)*((-2161)/(-33) + 4/22) is divided by 129?
7
Suppose 4 = -4*x - 4, 0 = g + 2*x - 41. Suppose g = 7*u - 18. Suppose 4*t - u = -p - 4, 3*p - 67 = t. What is the remainder when 146 is divided by p?
20
Let n = -2677 - -2759. Calculate the remainder when 898 is divided by n.
78
Let r be -1*((0 - -802) + 1). Calculate the remainder when r/(-7) + 70/245 is divided by 9.
7
Suppose -4*s - 5852 = -4*y, 0 = 9*y - 12*y + 5*s + 4391. Calculate the remainder when y is divided by 485.
7
Suppose -10*t + 69 = -13*t. Let z = 21 + t. Let l(q) = -18*q - 10. What is the remainder when l(z) is divided by 15?
11
Let l(a) = -8*a**2 - a + 84. Let m be l(0). Suppose 21*c + m = 22*c. Calculate the remainder when c is divided by 17.
16
Suppose 0 = -5*a - 4*j + 10244, 4*j + 56 = 80. What is the remainder when a is divided by 50?
44
Suppose 3045 = 12*n + 237. Calculate the remainder when n is divided by 39.
0
Let u(k) = 3*k + 62. Let l be 84/(-9) - 1/(-3). Calculate the remainder when 277 